) = s**3 - 11*s**2 + 12*s - 5. Let i be o(10). Let u be (-2 - -1)*(i - 17). Suppose -u*d = b - 29, 0*b - 2*b + 3*d + 79 = 0. What is the tens digit of b?
3
Suppose 144 = 5*s - 676. Suppose -i + 17*l = 16*l - 21, i - 5*l = 13. Suppose -s = 19*g - i*g. What is the units digit of g?
1
Let r = 429 + 355. What is the units digit of r?
4
Let x = -21 - -23. Suppose -x*c + 3 = -1. Let p(s) = 16*s + 1. What is the units digit of p(c)?
3
Let g = -6473 + 9241. What is the units digit of g?
8
Suppose -2*j + 2 = -6. Suppose w = -0*p - j*p + 411, -4*w + 408 = 4*p. What is the units digit of p?
3
What is the units digit of 3 - ((-83)/(-2))/(1/(-4))?
9
Let b = 132 - 58. Suppose -b = -5*z + 16. What is the tens digit of z?
1
Let v(x) = -x**2 + 1. Let r be v(0). Suppose -2*g - r - 5 = 0, 5*u + 5*g - 510 = 0. Let p = u - 73. What is the units digit of p?
2
Suppose -5*n = 190*x - 188*x - 14120, 0 = -5*x. What is the tens digit of n?
2
Suppose 2*t = 2*k - 1837 - 79, 0 = -3*k - t + 2870. What is the hundreds digit of k?
9
Suppose -4*h = 7*l - 29238, 2*l - h - 8354 = -2*h. What is the thousands digit of l?
4
Let u(g) = -6*g**3 + 7*g**2 - 6*g - 7. Let v(a) = -5*a**3 + 7*a**2 - 6*a - 7. Let n(k) = -6*u(k) + 7*v(k). What is the tens digit of n(-7)?
3
Suppose 5*i - 9945 = 2940. What is the tens digit of i?
7
Let x be ((-1)/(-1))/((-4)/(-248)). Suppose 5*d = x + 598. What is the hundreds digit of d?
1
Suppose -3*k + 3*m - m + 1179 = 0, -786 = -2*k + m. What is the tens digit of k?
9
Let v = 2067 - 415. What is the tens digit of v?
5
Suppose 2*b - 11 + 1 = 0. Suppose b = 5*d, -412 = -3*u - 2*d - 2*d. Suppose c - 158 = -j - 4*j, -u = -4*j + 4*c. What is the tens digit of j?
3
Let l(r) = r - 3. Suppose 4*t = 7*t - 18. Let b be l(t). Suppose 3*z - 6 = -5*p, b*z - 2 = 2*z + 4*p. What is the units digit of z?
2
Suppose -58*h - 1028 = -60*h. What is the hundreds digit of h?
5
Suppose 0 = f - 6 - 6. Let x(o) = -o**3 + 11*o**2 + 13*o + 3. Let s be x(f). Suppose -s = -5*r, -5*z + 4*r = -2*z - 33. What is the tens digit of z?
1
What is the tens digit of -4 - (0 - 6514/2)?
5
Let a = -134 - -211. Let b = 229 + -218. Let o = a - b. What is the units digit of o?
6
Let w(h) = -52*h + 11. Let t be w(-5). Suppose -t - 41 = -8*f. What is the units digit of f?
9
What is the thousands digit of 7 - (-2061 + -4) - 2?
2
Suppose -3*b + 3*c + 348 = 2*b, -3*b + c = -212. Let n = b - 59. What is the units digit of n?
3
Suppose -10 - 6 = -4*g. Suppose -8*z + 20 = -g*z. Suppose -5*m + 2 = z*p - 4*p, 0 = -2*p - 3*m + 32. What is the units digit of p?
2
Let y(w) = w**3 + 3*w**2 - 3*w - 4. Let q be y(-3). Let s be 16/40 - 2/q. Suppose -9*j + 10*j - 10 = s. What is the units digit of j?
0
Let w(r) = -r**2 - 10*r - 11. Let d be w(-8). Suppose -d*p = 3*i - 135, -i - p + 45 = 2*p. What is the tens digit of i?
4
Let m = 99 + -97. Suppose 0 = -3*q - t + 644, q + m*t + 424 = 3*q. What is the hundreds digit of q?
2
Let h = -2394 + 4327. What is the tens digit of h?
3
Suppose -3*h = 4*t - 0*h - 1564, -4*h - 1564 = -4*t. What is the hundreds digit of t?
3
Let w(s) = -s**3 + s**2 + 3. Let l be w(0). Suppose l*c = 2*c - 4*n - 7, n + 49 = 5*c. Let y = c + -6. What is the units digit of y?
3
Let b(i) = 8*i - 46. Let k be b(6). Suppose -4*g = -17 - 211. Suppose k*q + q = g. What is the tens digit of q?
1
Suppose 3*l + 15*l - 19494 = 0. What is the thousands digit of l?
1
Let i = 1176 + -749. Let f = -121 + i. What is the units digit of f?
6
Suppose 2*r + 5 = -2*i - 3*r, -5*i + 4*r = -70. What is the tens digit of 2 - (8/i + 2274/(-30))?
7
Suppose -l = 2*h + 2*l - 1840, -5*h + 2*l = -4638. What is the units digit of h?
6
Let t = 71 - 68. Suppose -330 - 126 = -t*h. What is the hundreds digit of h?
1
Suppose -g + 88 = -o - 56, 2*g - 286 = 3*o. Suppose -4 = -2*s, 4*w + 2*s - s - g = 0. What is the units digit of w?
6
Let o(b) = b**2 + 16*b + 12. Let r be o(-13). Let j = -69 - r. What is the units digit of (j/10 - -4)*-5?
1
Let g = -13 - -13. Let z(l) = 3*l + g*l + 18*l. What is the units digit of z(1)?
1
Suppose 5*a + 4*c - 643 = 0, 5*c + 12 = c. Suppose 3*s - 4*d - a = 20, 233 = 5*s - 2*d. Let p = s - 23. What is the units digit of p?
2
Let s(y) = y + 4. Let r be s(2). Let t be 0 - ((r - 4) + -4). Suppose -80 = l - t*l. What is the units digit of l?
0
Let x = 7 + -9. What is the units digit of -2 + (-4 - x) + 29?
5
Suppose -217 = -0*o - o + m, -3*o + 647 = -2*m. What is the hundreds digit of o?
2
Let u = -1439 - -2026. What is the tens digit of u?
8
Suppose -4*n = 0, -3*v - 3*n + 1590 = -v. What is the tens digit of v?
9
Let c = 18 + -16. Suppose 163 - 35 = c*r. Suppose -4*a + r = -88. What is the tens digit of a?
3
Suppose 0 = -i + t + 1697, -4*i = -8*i - 4*t + 6804. What is the tens digit of i?
9
Let s = -10 + 15. Suppose -24 = 2*u + s*w - 8, -u - 10 = 3*w. What is the units digit of (-30)/(-8)*(u - -2)?
5
Suppose -x + 0*x = 21. Let s = x + 37. Suppose 3*j + 28 = n, -78 = -3*n + 4*j + s. What is the tens digit of n?
3
Let j = 10 + -7. What is the units digit of j?
3
What is the units digit of (-46)/(160/(-15) - -10)?
9
Suppose 5*k + m = 7646, 5*k - 2336 = 2*m + 5322. What is the hundreds digit of k?
5
Suppose 0 = -u - 5*y - 101 - 97, 4*y + 1095 = -5*u. Let m = -107 - u. What is the units digit of m?
6
Suppose -25*c = -24*c - 2. Suppose 0 = -c*f + 44 + 16. What is the units digit of f?
0
Let g = 125 + -121. Suppose 5*d = 5*c + 325, g*d = -3*c + 247 + 27. What is the units digit of d?
7
Let p(y) = 3*y + 48 + y + 9. What is the units digit of p(-10)?
7
Let u be 3*((-195)/(-9) - -2). Let s = 31 - u. What is the tens digit of (21/14)/((-6)/s)?
1
Let d be 267/(55/70 + 4/(-14)). What is the units digit of (d/(-8))/(9/(-12))?
9
Let t be 1*2 - (-6 - (-3 + 0)). Suppose t*a = -115 + 660. What is the units digit of a?
9
Let a(s) = s**2 + 28*s - 17. What is the tens digit of a(-35)?
2
Let n = -3 - -6. Suppose -n*o + 216 = 3*c + 21, -3*c = -o - 183. What is the units digit of c?
2
What is the hundreds digit of (-6)/42 + (-5)/((-175)/9070)?
2
Let v = -113 + 215. Suppose 28*p = 26*p + v. What is the tens digit of p?
5
Let v(m) = -3*m**3 - 9*m**2 + 13*m - 36. What is the thousands digit of v(-11)?
2
Let n = 2500 - -2434. What is the thousands digit of n?
4
Let q = -14 + 17. Suppose -q = t - 40. Let p = t - 21. What is the units digit of p?
6
Suppose -4*k - 115 + 391 = 0. Suppose 0*b - 4*b + 6 = 3*u, -2*u = 2*b - 4. Suppose b*o + o = k. What is the tens digit of o?
6
What is the units digit of (-170)/34 - (1 - 698)?
2
Let o(s) = -s**3 + 13*s**2 + 4*s + 10. Let p be (-979)/(-77) - (-4)/14. What is the units digit of o(p)?
2
Let w(t) = -t**2 - 9*t - 16. Let m be w(-5). What is the units digit of 888/(-4)*m/(-12)?
4
Let h = -10 + 12. Suppose 0 = -f - h, -3 = 3*q + f + 2*f. Let l = q - -36. What is the tens digit of l?
3
Suppose -3*n = -6, -3*k + 5*k - 58 = n. Let o be ((-16)/(-10))/(4/k). Let b = o + -11. What is the units digit of b?
1
Let c be ((-3)/(-1) + -3)/2. Suppose c = 5*u + 369 - 29. What is the tens digit of -2*(0 - u/(-2))?
6
Let a(y) = -y**3 + 5*y**2 + 9*y + 5. Let d = 15 - 9. What is the tens digit of a(d)?
2
Let n = 843 - 483. What is the tens digit of n?
6
Suppose 36 = q - 2*r, 4*q - 2*r = 2*r + 156. Suppose -q*m + 47*m = 130. What is the units digit of m?
6
Let j = -2 - -1. Let p be (-1)/(j - (-35)/40). Let f = p - -40. What is the units digit of f?
8
Let i = -648 + 1103. What is the units digit of i?
5
Let f(g) be the third derivative of -g**6/120 + g**5/12 + 7*g**4/24 - 2*g**3/3 + 5*g**2. Let p be f(6). Suppose -9 = -l - p*l. What is the units digit of l?
3
Let t(c) = 2*c**3 + 26*c**2 + c - 9. What is the units digit of t(-12)?
7
Let w(o) = o**3 + 23*o**2 - 10*o - 3. What is the units digit of w(-8)?
7
Suppose 14*l - 1557 = 1439. What is the tens digit of l?
1
Let w = 3 - -2. Suppose -q = -2*m + 3*m - 7, w*m + 3*q - 25 = 0. Suppose -m*r = -6, 4*g = -4*r + 5*r + 17. What is the units digit of g?
5
Let q = -115 - -3. Let s be (-9)/15 - (0 - 1191/(-15)). Let p = s - q. What is the tens digit of p?
3
Let g(f) = -f + 14. Let a be g(7). Suppose 0 = -8*j + a*j + 3. Suppose 0*x - 2*o = -4*x - 2, 3*x - 12 = -j*o. What is the units digit of x?
1
Let q be ((-45)/(-6))/((-12)/(-8)). Suppose 0 = -2*n + q*g - 13 + 64, -4*n - g = -